 -26. What is the greatest common divisor of a and 891?
11
Let l = 7 - 5. Let h = 21 + 1. Let v = h - 6. What is the highest common factor of l and v?
2
Let p(f) = -f**2 + 14*f - 13. Let u be p(13). Suppose u = 3*k + 380 + 2083. Let j = k + 1205. Calculate the highest common divisor of j and 48.
48
Let j = 1 + 0. Suppose -297*s + 294*s = -6. Suppose 5*o + 66*r - 70*r = 55, -2*r = -s*o + 24. Calculate the highest common factor of j and o.
1
Let b be -5 + 14/7 + 3. Suppose b = -26*a - 37 + 1337. What is the highest common divisor of a and 1600?
50
Let y(m) = -m + 219. Let j be y(15). Calculate the highest common divisor of j and 4556.
68
Suppose -2*f = -5*s - 200, s = -2*s - 4*f - 146. Let t be 18/(-12)*(-2)/3 + -31. Let g = t - s. Calculate the highest common divisor of 96 and g.
12
Let q be (22974/98)/((-18)/(-42)). What is the highest common factor of q and 1?
1
Suppose 26*f = 33*f - 189. Let q be (-9)/((-99)/2378) + 2/(-11). Calculate the highest common factor of q and f.
27
Let w be 23/2 - 15/10. Suppose 0 = -2*v + 5*p - 15, -12*v + 4*p = -10*v + w. Let x = 106 - 51. What is the highest common divisor of x and v?
5
Let m = 270 - 270. Let h be (0*(1 - m) - -1)*66. Suppose -5*b + 696 = 256. Calculate the greatest common factor of h and b.
22
Suppose -189*y = -194*y - 4*t + 15958, 0 = 4*y - 3*t - 12723. Calculate the highest common factor of y and 126.
18
Let y = 219 - 218. Suppose -3*h + 2 = -y, 0 = j - 4*h - 2. What is the highest common factor of 66 and j?
6
Let n(m) = m**3 - 8*m**2 - 3*m + 6. Let q be n(9). Let p = q - 38. Suppose 4 = -21*j + p*j. What is the greatest common divisor of 28 and j?
4
Let x(w) = -49*w - 218. Let y be x(-6). Calculate the highest common factor of 874 and y.
38
Let b(j) = 16*j**2 + 500*j + 499. Let n be b(-1). What is the greatest common factor of n and 370?
5
Suppose 35 = 5*i + 5*a, -i + a + 11 = 4*a. Suppose -i*n = 3*o - 252, -5*o - 28 = 3*n - 4*n. What is the highest common divisor of 32 and n?
16
Let v = -36832 + 36854. Let z = 145 + 97. Calculate the greatest common factor of z and v.
22
Let t(n) be the second derivative of n**4/4 + n**3/3 + 165*n**2/2 + 38*n. Let u be t(0). What is the greatest common divisor of u and 66?
33
Suppose -117 + 172 = 72*p - 161. Let c(j) = -3*j + 16*j**2 - 1 + 4*j + 17*j**2. Let l be c(1). Calculate the greatest common divisor of l and p.
3
Let v = 11204 + -10229. Calculate the highest common divisor of 30 and v.
15
Let x(q) = q**2 - 33*q + 163. Let h be x(30). Calculate the highest common divisor of 4891 and h.
73
Suppose 0 = 12*v - 13 - 35. Suppose -5*r - 13 + 608 = 4*b, 3*b + v*r - 445 = 0. Calculate the highest common factor of 31 and b.
31
Let u(k) = -643*k + 1934. Let b be u(-6). Calculate the greatest common divisor of b and 64.
32
Let l be (-20 + 18)*(0 - (-235)/2). Let m be (24/(-2))/(-7 - l/35). Suppose 0 = q - 22 + 4. Calculate the greatest common factor of q and m.
6
Let z(o) = o**2 - 18*o - 598. Let b be z(36). What is the greatest common divisor of b and 310?
10
Let w(i) = -i**3 + 5*i**2 - 7*i + 6. Let v be w(4). Let o be 10/(-30) - 236/v. Let y be (6/(-15))/(3/(-195)). Calculate the greatest common divisor of y and o.
13
Let a = 83 - 89. Let n = a - -8. Calculate the highest common factor of n and 56.
2
Let w(r) = -6*r**2 - 42*r**3 - 24 + 0*r + 43*r**3 - 4*r**2 - 5*r. Let q be w(11). Suppose 3*l + 18 = q. What is the highest common divisor of l and 56?
8
Suppose 5*j + 255 = 2*x, -5*x - j - 183 = -888. Suppose -47 = -7*b + 16. Suppose -94 - 158 = -b*v. What is the highest common divisor of x and v?
28
Let u(b) = b**2 - 18*b - 35. Let m be u(-2). Suppose 0 = 6*a - 2*a + 3*n - 152, 0 = 4*a - m*n - 152. What is the greatest common factor of a and 133?
19
Let v(w) = -w**3 + 47*w**2 + 45*w + 200. Let b be v(48). What is the greatest common factor of b and 749?
7
Let q(f) = 212*f + 458. Let d be q(0). Calculate the greatest common factor of 22 and d.
2
Let s be ((-1464)/(-32))/((-2)/(-8)). Let t = s + -7. Suppose -24 = -2*p + 4*j, 3*j + 1 = 7. Calculate the greatest common factor of p and t.
16
Suppose -7*b + 334 + 191 = 0. Let p = 17 - -64. Let j = p - b. What is the highest common factor of 3 and j?
3
Let c(j) = -3*j - 72. Let a be c(-16). Let q be (-10)/5 + a/(-3). What is the greatest common factor of q and 2?
2
Suppose -t = -4, 13*t - 10 = n - 21. What is the greatest common factor of n and 477?
9
Let h = 21 + -5. Suppose 2*q - 3*r - 170 = 0, 27*r = 4*q + 31*r - 360. Calculate the highest common factor of q and h.
8
Suppose -4*m - 103 - 177 = -2*d, 3*m - 615 = -4*d. Calculate the highest common divisor of d and 120.
30
Let w(a) = 18*a**2 - 68*a + 16. Let x be w(5). What is the highest common factor of x and 10224?
18
Let t be 22/8*-6*(-8)/2. Let l = 267 - t. Suppose -6*i = -l + 21. What is the highest common divisor of 3 and i?
3
Let w(j) = -73*j - 57. Let v(b) = 4*b - 17. Let m be v(8). Let s be (m/(-9) + 0)*(-1 - -4). Let x be w(s). Calculate the greatest common factor of x and 28.
28
Let m = -284 - -7328. What is the greatest common divisor of 12 and m?
12
Suppose -5*l + 3*j - 329 + 1149 = 0, 3*l - 496 = j. Suppose 4*p - 222 = -2*g - 28, 2*g - 5*p - l = 0. Calculate the greatest common factor of g and 14.
7
Let l(b) = b**3 + 9*b**2 - 13*b - 26. Suppose w = 11*d - 12*d - 5, 5*w = -2*d - 40. Let i be l(w). Calculate the greatest common factor of i and 36.
4
Suppose -149*k + 2*f = -151*k + 398, 0 = -4*k + 5*f + 805. Calculate the greatest common divisor of k and 275.
25
Suppose 0 = -z - 5 + 8. Let x(o) = -29*o + 1 + 29*o + 9*o**z - 2*o**2. Let c be x(1). What is the greatest common divisor of 104 and c?
8
Let s = 756 + 104. What is the greatest common factor of s and 80?
20
Suppose -13*k - 762 = -16*k. Let y = k - 154. Calculate the highest common factor of 75 and y.
25
Let q = 31 - 11. Let g be 133/4 - 10*8/320. Suppose -38*z + g*z = -1100. What is the greatest common factor of z and q?
20
Let v(w) = -w**3 - 10*w**2 + 26*w + 18. Let t be v(-12). Let y be (3 - 9)*4/t. Calculate the highest common divisor of y and 26.
2
Suppose -x - 4*r = 841 - 3809, 2*x - 3*r - 5870 = 0. Calculate the highest common factor of 92 and x.
92
Let d(b) = -23*b - 21. Let k be d(-18). Let s = k - 365. What is the greatest common factor of 16 and s?
4
Suppose -295*z = 117*z - 1971420. What is the greatest common divisor of 1485 and z?
165
Let o(l) = 154*l - 3739. Let x be o(28). What is the greatest common factor of x and 42?
3
Let g be -18 - (12 + -21) - (-42)/1. Calculate the highest common factor of 63 and g.
3
Let m = 96 + 81. Suppose -2*t - 106 + 306 = 6*i, 5*i = -4*t + 442. Calculate the highest common divisor of t and m.
59
Suppose -p = -0*p - 2. Let o(w) = 62*w**2 - 6*w - 11. Let n be o(-2). Let v = -243 + n. Calculate the greatest common divisor of p and v.
2
Suppose 0 = -43*f + 20*f + 115. Suppose -2*d = -f*y - 27, -3*d + 39 = d - 5*y. Calculate the greatest common divisor of d and 54.
6
Let l(w) = 4*w + 39. Let x be l(-9). Let r be ((-5 - -3) + x)/(1/114). What is the highest common divisor of 38 and r?
38
Suppose -w - 48 = -4*w. Let x(v) = 27*v + 2. Let o(f) = -18*f - 1. Let y(p) = -8*o(p) - 5*x(p). Let g be y(2). What is the greatest common factor of w and g?
16
Let j(x) = -363*x + 9235. Let w be j(25). Suppose -6 + 21 = 3*s. Calculate the highest common divisor of s and w.
5
Suppose 5*b - 36 = -6. Let c be (b/4)/3*(25 + 53). What is the greatest common factor of 13 and c?
13
Let d be (8/22)/((-44)/(-484)). Let m be 636/20 - (-4)/20. Calculate the greatest common factor of m and d.
4
Suppose -54 = -3*p + 36. Suppose 324 = 34*x - p*x. Suppose 97*i - 36 = 93*i. Calculate the highest common factor of i and x.
9
Let j(z) = -11*z**3 - z**2 + z + 9. Let w be j(-2). Calculate the greatest common factor of 1183 and w.
91
Let y be (-21 + (37 - 6))*(-1)/(-2). What is the highest common factor of 3240 and y?
5
Suppose -d - d = 6, 3*h - 4*d = 60. Let v be 6/(9 - (-13179)/(-1472)). What is the highest common factor of v and h?
16
Let t(x) = 2*x**3 - 25*x**2 + 54*x + 122. Let m be t(10). What is the highest common factor of m and 828?
18
Suppose -6677*z + 403 = -6664*z. Calculate the highest common factor of 5177 and z.
31
Suppose k + 9*i = 4*i + 63, -5*k + 315 = -4*i. Let s be (-646)/